{"id":1846,"date":"2019-10-12T17:42:31","date_gmt":"2019-10-12T15:42:31","guid":{"rendered":"http:\/\/wp.ggs-marktschule.de\/?page_id=1846"},"modified":"2019-10-14T09:34:21","modified_gmt":"2019-10-14T07:34:21","slug":"paedagogisches-leitbild","status":"publish","type":"page","link":"https:\/\/ggs-marktschule.de\/index.php\/paedagogisches-leitbild\/","title":{"rendered":"P\u00e4dagogisches Leitbild"},"content":{"rendered":"\n<h2 class=\"wp-block-heading\">P\u00e4dagogisches Leitbild<\/h2>\n\n\n\n<p>Die KollegInnen der Marktschule verstehen sich als Begleiter der Kinder auf ihrem Weg zu verantwortungsbewussten Individuen. Wir wollen die Kinder zur Selbstst\u00e4ndigkeit erziehen und sie ermutigen, ihre St\u00e4rken zu erkennen, zu erweitern und zu nutzen.<\/p>\n\n\n\n<p>Im Sinne einer selbstverst\u00e4ndlichen Differenzierung und eines Lernens mit allen Sinnen arbeiten wir in einem offenen Unterricht, der kindgerechtes Lernen gew\u00e4hrleistet und zur Selbstst\u00e4ndigkeit erziehen soll.<\/p>\n\n\n\n<p>Sage es mir \u2013 und ich<\/p>\n\n\n\n<p>werde es vergessen!<\/p>\n\n\n\n<p>Zeige es mir \u2013 und ich<\/p>\n\n\n\n<p>werde es vielleicht behalten!<\/p>\n\n\n\n<p>Lass es mich selber tun \u2013 und ich<\/p>\n\n\n\n<p>werde es begreifen!&nbsp;&nbsp;&nbsp;&nbsp;&nbsp;&nbsp;&nbsp;&nbsp;&nbsp;&nbsp;&nbsp;&nbsp;&nbsp;&nbsp;&nbsp;&nbsp;&nbsp;&nbsp;&nbsp;&nbsp;&nbsp;&nbsp;&nbsp;&nbsp;&nbsp;&nbsp;&nbsp;&nbsp;&nbsp;&nbsp;&nbsp;&nbsp;&nbsp;&nbsp;&nbsp;&nbsp;&nbsp;&nbsp;<\/p>\n\n\n\n<p>(altes asiatisches Sprichwort)<\/p>\n\n\n\n<p>Weitere Kernpunkte unserer&nbsp; p\u00e4dagogischen Arbeit an der Marktschule sind die Erziehung zur Gewaltvermeidung, der respektvolle, verantwortungsbewusste Umgang miteinander und die Hinf\u00fchrung zu einer aktiven, positiven Lernhaltung. Auf dieser Basis sollen die Sch\u00fcler\/innen Sach- und Methodenkompetenz erlangen, sie sollen Wissensgrundlagen erhalten um ihr Leben selbst zu begreifen und zu gestalten. Auf der Grundlage der Freiheit, Toleranz und Mitmenschlichkeit wollen wir die Sensibilit\u00e4t und Verantwortung gegen\u00fcber sich selbst, gegen\u00fcber anderen Menschen und gegen\u00fcber der Umwelt f\u00f6rdern.<\/p>\n\n\n\n<p>Wir sind davon \u00fcberzeugt,<\/p>\n\n\n\n<ul class=\"wp-block-list\"><li>dass Schulanf\u00e4nger mit sehr unterschiedlichen F\u00e4higkeiten, Kenntnissen, Lern- und Lebenserfahrung und -m\u00f6glichkeiten zu uns in die Schule kommen und es unsere Aufgabe ist, die Kinder an den Punkt abzuholen, an dem sie gerade in ihrer Entwicklung stehen.<\/li><li>dass Kinder und Erwachsene voneinander lernen k\u00f6nnen, in Hinblick auf Wissen, auf Kultur und auf soziale Verhaltensweisen.<\/li><li>dass jedes Kind anders ist als jedes andere und sich dies eher zeigen traut, wenn Heterogenit\u00e4t Prinzip ist.<\/li><li>dass Lernen ein aktiver und individuell unterschiedlicher Vorgang ist, den wir anregen unterst\u00fctzen, begleiten und verst\u00e4rken, der aber immer eine Leistung des Lerners selbst bleibt.<\/li><\/ul>\n\n\n\n<p>Somit wollen wir die Vielfalt unserer Sch\u00fcler als Chance nutzen. Jedes Kind soll sich an unserer Schule verstanden, geborgen und in seiner Einzigartigkeit akzeptiert f\u00fchlen.<\/p>\n","protected":false},"excerpt":{"rendered":"<p>P\u00e4dagogisches Leitbild Die KollegInnen der Marktschule verstehen sich als Begleiter der Kinder auf ihrem Weg zu verantwortungsbewussten Individuen. Wir wollen &hellip; <\/p>\n","protected":false},"author":1,"featured_media":0,"parent":0,"menu_order":0,"comment_status":"closed","ping_status":"closed","template":"","meta":{"_custom_body_class":"","_custom_post_class":"","footnotes":"","_links_to":"","_links_to_target":""},"class_list":["post-1846","page","type-page","status-publish","hentry"],"publishpress_future_action":{"enabled":false,"date":"2026-05-07 14:51:23","action":"change-status","newStatus":"draft","terms":[],"taxonomy":"","extraData":[]},"publishpress_future_workflow_manual_trigger":{"enabledWorkflows":[]},"_links":{"self":[{"href":"https:\/\/ggs-marktschule.de\/index.php\/wp-json\/wp\/v2\/pages\/1846","targetHints":{"allow":["GET"]}}],"collection":[{"href":"https:\/\/ggs-marktschule.de\/index.php\/wp-json\/wp\/v2\/pages"}],"about":[{"href":"https:\/\/ggs-marktschule.de\/index.php\/wp-json\/wp\/v2\/types\/page"}],"author":[{"embeddable":true,"href":"https:\/\/ggs-marktschule.de\/index.php\/wp-json\/wp\/v2\/users\/1"}],"replies":[{"embeddable":true,"href":"https:\/\/ggs-marktschule.de\/index.php\/wp-json\/wp\/v2\/comments?post=1846"}],"version-history":[{"count":3,"href":"https:\/\/ggs-marktschule.de\/index.php\/wp-json\/wp\/v2\/pages\/1846\/revisions"}],"predecessor-version":[{"id":1866,"href":"https:\/\/ggs-marktschule.de\/index.php\/wp-json\/wp\/v2\/pages\/1846\/revisions\/1866"}],"wp:attachment":[{"href":"https:\/\/ggs-marktschule.de\/index.php\/wp-json\/wp\/v2\/media?parent=1846"}],"curies":[{"name":"wp","href":"https:\/\/api.w.org\/{rel}","templated":true}]}}