{"id":21,"date":"2019-10-09T22:14:21","date_gmt":"2019-10-09T20:14:21","guid":{"rendered":"http:\/\/wp.ggs-marktschule.de\/?page_id=21"},"modified":"2025-04-28T07:32:51","modified_gmt":"2025-04-28T05:32:51","slug":"kontakt","status":"publish","type":"page","link":"https:\/\/ggs-marktschule.de\/index.php\/kontakt\/","title":{"rendered":"Kontakt"},"content":{"rendered":"\n<h2 class=\"wp-block-heading\">Schulleitung<\/h2>\n\n\n\n<p>Schulleiterin: Frau S. Br\u00f6gger<\/p>\n\n\n\n<p>stellvertretender Schulleiter: Herr J. Bildstein<\/p>\n\n\n\n<p>Die Schule erreichen Sie per <strong>Email <\/strong>unter: marktschule[als&nbsp;<strong>at<\/strong>&nbsp;Erg\u00e4nzung]schulen-bonn.de<\/p>\n\n\n\n<h2 class=\"wp-block-heading\">Sekretariat<\/h2>\n\n\n\n<p>Frau Reinisch-Wolff<\/p>\n\n\n\n<p>Das Sekretariat ist <strong>montags,<\/strong> <strong>dienstags,mittwochs und donnerstags&nbsp;<\/strong>zwischen 7.30 \u2013 11.30 Uhr besetzt. (Ausnahme in den Schulferien, siehe Startseite)<\/p>\n\n\n\n<p><strong>Telefon:\u00a00228 &#8211; 7787950<\/strong><\/p>\n\n\n\n<p>Die Schule erreichen Sie per Email unter: marktschule[als&nbsp;<strong>at<\/strong>&nbsp;Erg\u00e4nzung]schulen-bonn.de<\/p>\n\n\n<p>\n<!--StartFragment--><\/p>\n\n\n<h2 class=\"wp-block-heading\">Lehrerkollegium<\/h2>\n\n\n\n<p>Die Lehrerinnen erreichen Sie per Email unter:<\/p>\n\n\n\n<p>nachname[als&nbsp;<strong>at<\/strong>&nbsp;Erg\u00e4nzung]marktschule-bonn.de<\/p>\n\n\n<p><!--EndFragment--><\/p>\n\n\n<h2 class=\"wp-block-heading\">Kontakt zur OGS<\/h2>\n\n\n\n<p>Leiterinnen der OGS (nachmittagsbereich): <\/p>\n\n\n\n<p>Frau Sabine Fischer<\/p>\n\n\n\n<p>sabine.fischer[als&nbsp;<strong>at<\/strong>&nbsp;Erg\u00e4nzung]jugendfarm-bonn.de und:<\/p>\n\n\n\n<p>Frau Maria Jaramillo<\/p>\n\n\n\n<p>maria.jaramillo[als&nbsp;<strong>at<\/strong>&nbsp;Erg\u00e4nzung]jugendfarm-bonn.de  <\/p>\n\n\n\n<p><strong>0228-629879850<\/strong><\/p>\n\n\n\n<h1 class=\"wp-block-heading\">Anfahrt zur GGS Marktschule!<\/h1>\n\n\n\n<p>Damit Sie uns immer gut finden, haben wir eine Anfahrtsskizze zur GGS Marktschule erstellt. Eine Datei zeigt die detaillierte Ansicht des Ortsteils P\u00fctzchens an, die weitere Datei zeigt den Raum Bonn an. Ebenso k\u00f6nnen Sie sich eine \u00dcbersicht \u00fcber das Schulgel\u00e4nde ansehen.<\/p>\n\n\n\n<figure class=\"wp-block-image size-medium\"><img loading=\"lazy\" decoding=\"async\" width=\"300\" height=\"267\" src=\"https:\/\/ggs-marktschule.de\/wp-content\/uploads\/2020\/03\/anfahrt_ggs_markt_grob-300x267.jpg\" alt=\"\" class=\"wp-image-2152\" srcset=\"https:\/\/ggs-marktschule.de\/wp-content\/uploads\/2020\/03\/anfahrt_ggs_markt_grob-300x267.jpg 300w, https:\/\/ggs-marktschule.de\/wp-content\/uploads\/2020\/03\/anfahrt_ggs_markt_grob.jpg 674w\" sizes=\"auto, (max-width: 300px) 100vw, 300px\" \/><\/figure>\n\n\n\n<div style=\"height:20px\" aria-hidden=\"true\" class=\"wp-block-spacer\"><\/div>\n\n\n\n<figure class=\"wp-block-image size-medium\"><img loading=\"lazy\" decoding=\"async\" width=\"300\" height=\"295\" src=\"https:\/\/ggs-marktschule.de\/wp-content\/uploads\/2020\/03\/anfahrt_ggs_markt_detail-300x295.jpg\" alt=\"\" class=\"wp-image-2151\" srcset=\"https:\/\/ggs-marktschule.de\/wp-content\/uploads\/2020\/03\/anfahrt_ggs_markt_detail-300x295.jpg 300w, https:\/\/ggs-marktschule.de\/wp-content\/uploads\/2020\/03\/anfahrt_ggs_markt_detail-70x70.jpg 70w, https:\/\/ggs-marktschule.de\/wp-content\/uploads\/2020\/03\/anfahrt_ggs_markt_detail.jpg 611w\" sizes=\"auto, (max-width: 300px) 100vw, 300px\" \/><\/figure>\n\n\n\n<div style=\"height:20px\" aria-hidden=\"true\" class=\"wp-block-spacer\"><\/div>\n\n\n\n<figure class=\"wp-block-image size-medium\"><img loading=\"lazy\" decoding=\"async\" width=\"300\" height=\"296\" src=\"https:\/\/ggs-marktschule.de\/wp-content\/uploads\/2020\/03\/schulgelaende_neu-300x296.jpg\" alt=\"\" class=\"wp-image-2153\" srcset=\"https:\/\/ggs-marktschule.de\/wp-content\/uploads\/2020\/03\/schulgelaende_neu-300x296.jpg 300w, https:\/\/ggs-marktschule.de\/wp-content\/uploads\/2020\/03\/schulgelaende_neu-70x70.jpg 70w, https:\/\/ggs-marktschule.de\/wp-content\/uploads\/2020\/03\/schulgelaende_neu.jpg 585w\" sizes=\"auto, (max-width: 300px) 100vw, 300px\" \/><\/figure>\n\n\n\n<p><\/p>\n\n\n\n<p>Die Anfahrtsskizzen k\u00f6nnen Sie auch in unserem&nbsp;<a href=\"https:\/\/ggs-marktschule.de\/index.php\/downloadbereich\/\">Downloadbereich&nbsp;<\/a>herunterladen.<br><\/p>\n","protected":false},"excerpt":{"rendered":"<p>Schulleitung Schulleiterin: Frau S. Br\u00f6gger stellvertretender Schulleiter: Herr J. Bildstein Die Schule erreichen Sie per Email unter: marktschule[als&nbsp;at&nbsp;Erg\u00e4nzung]schulen-bonn.de Sekretariat Frau &hellip; <\/p>\n","protected":false},"author":1,"featured_media":0,"parent":0,"menu_order":0,"comment_status":"closed","ping_status":"closed","template":"","meta":{"_custom_body_class":"","_custom_post_class":"","footnotes":"","_links_to":"","_links_to_target":""},"class_list":["post-21","page","type-page","status-publish","hentry"],"publishpress_future_action":{"enabled":false,"date":"2026-05-07 14:50:45","action":"change-status","newStatus":"draft","terms":[],"taxonomy":"","extraData":[]},"publishpress_future_workflow_manual_trigger":{"enabledWorkflows":[]},"_links":{"self":[{"href":"https:\/\/ggs-marktschule.de\/index.php\/wp-json\/wp\/v2\/pages\/21","targetHints":{"allow":["GET"]}}],"collection":[{"href":"https:\/\/ggs-marktschule.de\/index.php\/wp-json\/wp\/v2\/pages"}],"about":[{"href":"https:\/\/ggs-marktschule.de\/index.php\/wp-json\/wp\/v2\/types\/page"}],"author":[{"embeddable":true,"href":"https:\/\/ggs-marktschule.de\/index.php\/wp-json\/wp\/v2\/users\/1"}],"replies":[{"embeddable":true,"href":"https:\/\/ggs-marktschule.de\/index.php\/wp-json\/wp\/v2\/comments?post=21"}],"version-history":[{"count":26,"href":"https:\/\/ggs-marktschule.de\/index.php\/wp-json\/wp\/v2\/pages\/21\/revisions"}],"predecessor-version":[{"id":4656,"href":"https:\/\/ggs-marktschule.de\/index.php\/wp-json\/wp\/v2\/pages\/21\/revisions\/4656"}],"wp:attachment":[{"href":"https:\/\/ggs-marktschule.de\/index.php\/wp-json\/wp\/v2\/media?parent=21"}],"curies":[{"name":"wp","href":"https:\/\/api.w.org\/{rel}","templated":true}]}}