{"id":3074,"date":"2021-03-05T10:21:46","date_gmt":"2021-03-05T09:21:46","guid":{"rendered":"http:\/\/wp.ggs-marktschule.de\/?page_id=3074"},"modified":"2025-11-06T14:02:53","modified_gmt":"2025-11-06T13:02:53","slug":"schulanmeldung","status":"publish","type":"page","link":"https:\/\/ggs-marktschule.de\/index.php\/schulanmeldung\/","title":{"rendered":"Schulanmeldung"},"content":{"rendered":"\n<h2 class=\"wp-block-heading\">Informationen zur Schulanmeldung<\/h2>\n\n\n\n<p>Auf dieser Seite finden Sie alle Informationen zur Schulanmeldung mit den ben\u00f6tigten Formularen. Bitte f\u00fcllen Sie die Formulare m\u00f6glichst zu Hause am PC aus und bringen die Formulare ausgedruckt am Termin der Schulanmeldung mit in die Schule. Bitte geben Sie die OGS-Interessenbekundung m\u00f6glichst mit der Schulanmeldung ab!<\/p>\n\n\n\n<hr class=\"wp-block-separator has-css-opacity\"\/>\n\n\n\n<h2 class=\"wp-block-heading\">Checkliste: Schulanmeldung<\/h2>\n\n\n\n<p>Auf dieser Checkliste finden Sie alle zur Schulanmeldung ben\u00f6tigten Aspekte.<\/p>\n\n\n\n<div class=\"wp-block-file\"><a id=\"wp-block-file--media-3ea128d7-e884-4286-bc56-7cca126721cf\" href=\"https:\/\/ggs-marktschule.de\/wp-content\/uploads\/2025\/09\/checkliste_unterlagen_einschulung-2.pdf\" target=\"_blank\" rel=\"noreferrer noopener\">checkliste_unterlagen_einschulung<\/a><a href=\"https:\/\/ggs-marktschule.de\/wp-content\/uploads\/2025\/09\/checkliste_unterlagen_einschulung-2.pdf\" class=\"wp-block-file__button wp-element-button\" download aria-describedby=\"wp-block-file--media-3ea128d7-e884-4286-bc56-7cca126721cf\">Herunterladen<\/a><\/div>\n\n\n\n<hr class=\"wp-block-separator has-css-opacity\"\/>\n\n\n\n<h2 class=\"wp-block-heading\">Anmeldeunterlagen zum Herunterladen:<\/h2>\n\n\n\n<p><span class=\"has-inline-color has-vivid-red-color\">Bitte verwenden Sie das folgende Formular, wenn Sie Ihr Kind an der Schule anmelden und Ihr Interesse an einem OGS Platz bekunden m\u00f6chten. Sie haben auch direkt die M\u00f6glichkeit, unserem F\u00f6rderverein beizutreten. Bitte bringen Sie die ben\u00f6tigten Seiten ausgedruckt mit in die Schule zur Anmeldung.<\/span><\/p>\n\n\n\n<div class=\"wp-block-file\"><a id=\"wp-block-file--media-c3eaada5-d18f-4d56-a143-b614c6a578ce\" href=\"https:\/\/ggs-marktschule.de\/wp-content\/uploads\/2025\/09\/2509_anmeldeunterlagen_mit_foeve_als_formular.pdf\" target=\"_blank\" rel=\"noreferrer noopener\">2509_anmeldeunterlagen_mit_foeve_als_formular<\/a><a href=\"https:\/\/ggs-marktschule.de\/wp-content\/uploads\/2025\/09\/2509_anmeldeunterlagen_mit_foeve_als_formular.pdf\" class=\"wp-block-file__button wp-element-button\" download aria-describedby=\"wp-block-file--media-c3eaada5-d18f-4d56-a143-b614c6a578ce\">Herunterladen<\/a><\/div>\n\n\n\n<hr class=\"wp-block-separator has-css-opacity\"\/>\n\n\n\n<h2 class=\"wp-block-heading\"><span class=\"has-inline-color has-vivid-red-color\">Interessensbekundung: OGS<\/span><\/h2>\n\n\n\n<p><span class=\"has-inline-color has-vivid-red-color\">Wenn Sie zus\u00e4tzlich das Interesse an einem OGS Platz bekunden m\u00f6chten, dann benutzen Sie bitte den folgende Link.<\/span><\/p>\n\n\n\n<p><a href=\"https:\/\/www.jugendfarm-bonn.de\/standort\/voranmeldung-marktschule\" target=\"_blank\" rel=\"noreferrer noopener\">https:\/\/www.jugendfarm-bonn.de\/standort\/voranmeldung-marktschule<\/a><\/p>\n\n\n\n<hr class=\"wp-block-separator has-css-opacity\"\/>\n\n\n\n<div class=\"wp-block-file\"><a href=\"https:\/\/ggs-marktschule.de\/wp-content\/uploads\/2021\/03\/flyer_schulbuecherei.pdf\" target=\"_blank\" rel=\"noreferrer noopener\">Flyer: Schulb\u00fccherei<\/a><a href=\"https:\/\/ggs-marktschule.de\/wp-content\/uploads\/2021\/03\/flyer_schulbuecherei.pdf\" class=\"wp-block-file__button wp-element-button\" download>Herunterladen<\/a><\/div>\n\n\n\n<div class=\"wp-block-file\"><a href=\"https:\/\/ggs-marktschule.de\/wp-content\/uploads\/2024\/09\/2024_Marktschule_DINA3_brosch\u00fcre_online-1.pdf\" target=\"_blank\" rel=\"noreferrer noopener\">Die Marktschule stellt sich vor (vom 5.9.2024)<\/a><a href=\"https:\/\/ggs-marktschule.de\/wp-content\/uploads\/2024\/09\/2024_Marktschule_DINA3_brosch\u00fcre_online-1.pdf\" class=\"wp-block-file__button wp-element-button\" download>Herunterladen<\/a><\/div>\n\n\n\n<hr class=\"wp-block-separator has-css-opacity\"\/>\n\n\n\n<p><\/p>\n\n\n\n<p><\/p>\n","protected":false},"excerpt":{"rendered":"<p>Informationen zur Schulanmeldung Auf dieser Seite finden Sie alle Informationen zur Schulanmeldung mit den ben\u00f6tigten Formularen. Bitte f\u00fcllen Sie die &hellip; <\/p>\n","protected":false},"author":1,"featured_media":0,"parent":0,"menu_order":0,"comment_status":"closed","ping_status":"closed","template":"","meta":{"_custom_body_class":"","_custom_post_class":"","footnotes":"","_links_to":"","_links_to_target":""},"class_list":["post-3074","page","type-page","status-publish","hentry"],"publishpress_future_action":{"enabled":false,"date":"2026-05-07 14:55:24","action":"change-status","newStatus":"draft","terms":[],"taxonomy":"","extraData":[]},"publishpress_future_workflow_manual_trigger":{"enabledWorkflows":[]},"_links":{"self":[{"href":"https:\/\/ggs-marktschule.de\/index.php\/wp-json\/wp\/v2\/pages\/3074","targetHints":{"allow":["GET"]}}],"collection":[{"href":"https:\/\/ggs-marktschule.de\/index.php\/wp-json\/wp\/v2\/pages"}],"about":[{"href":"https:\/\/ggs-marktschule.de\/index.php\/wp-json\/wp\/v2\/types\/page"}],"author":[{"embeddable":true,"href":"https:\/\/ggs-marktschule.de\/index.php\/wp-json\/wp\/v2\/users\/1"}],"replies":[{"embeddable":true,"href":"https:\/\/ggs-marktschule.de\/index.php\/wp-json\/wp\/v2\/comments?post=3074"}],"version-history":[{"count":34,"href":"https:\/\/ggs-marktschule.de\/index.php\/wp-json\/wp\/v2\/pages\/3074\/revisions"}],"predecessor-version":[{"id":4791,"href":"https:\/\/ggs-marktschule.de\/index.php\/wp-json\/wp\/v2\/pages\/3074\/revisions\/4791"}],"wp:attachment":[{"href":"https:\/\/ggs-marktschule.de\/index.php\/wp-json\/wp\/v2\/media?parent=3074"}],"curies":[{"name":"wp","href":"https:\/\/api.w.org\/{rel}","templated":true}]}}