{"id":41,"date":"2019-10-10T12:59:30","date_gmt":"2019-10-10T10:59:30","guid":{"rendered":"http:\/\/wp.ggs-marktschule.de\/?page_id=41"},"modified":"2019-10-11T22:36:07","modified_gmt":"2019-10-11T20:36:07","slug":"kurzportraet","status":"publish","type":"page","link":"https:\/\/ggs-marktschule.de\/index.php\/kurzportraet\/","title":{"rendered":"Kurzportr\u00e4t"},"content":{"rendered":"\n<h1 class=\"wp-block-heading\">Allgemeine Informationen<\/h1>\n\n\n\n<p>Die Marktschule ist im Stadtteil Bonn-Beuel P\u00fctzchen gelegen. Das Einzugsgebiet umfasst die Ortsteile P\u00fctzchen, Bechlinghoven, Vilich-M\u00fcldorf und Neu-Vilich.<\/p>\n\n\n\n<p>Die Schule wird von den meisten Kindern zu Fu\u00df erreicht oder sie werden von ihren Eltern mit dem PKW gebracht. Einen Schulbus gibt es nicht. Morgens wird lediglich ein Verst\u00e4rkungsbus von Neu-Vilich nach P\u00fctzchen eingesetzt.<\/p>\n\n\n\n<p>Wegen der direkten Lage der Schule am Marktplatz, wo jedes Jahr im Herbst \u201eP\u00fctzchens Markt\u201c stattfindet, wird dieses Ereignis auch in das Schulleben integriert und im Unterricht thematisiert. W\u00e4hrend der Gro\u00dfkirmes wird der Altbau der Schule als Verwaltungsgeb\u00e4ude genutzt. Aus diesem Grund ist die Schule an \u201eP\u00fctzchens Markttagen\u201c montags, dienstags und mittwochs geschlossen. Der dadurch ausfallende Unterricht wird durch bewegliche Ferientage und durch vor &#8211; und nachgeholten Unterricht aufgefangen.<\/p>\n\n\n\n<p>Momentan z\u00e4hlt die Marktschule 370 Sch\u00fcler und Sch\u00fclerinnen.<\/p>\n\n\n\n<p>Zur Zeit ist die Schule vierz\u00fcgig, d.h. die Kinder werden in 16 Klassen unterrichtet. F\u00fcr die Klassenbildung sind folgende Kriterien ausschlaggebend:<\/p>\n\n\n\n<ul class=\"wp-block-list\"><li>Klassengr\u00f6\u00dfe<\/li><li>Verh\u00e4ltnis Junge &#8211;&nbsp; M\u00e4dchen<\/li><li>Verh\u00e4ltnis Kinder mit und ohne Migrationshintergrund<\/li><\/ul>\n\n\n\n<h1 class=\"wp-block-heading\">Inklusion<\/h1>\n\n\n\n<p>An der Marktschule ist das gemeinsame Lernen von behinderten und nicht behinderten Kindern seit \u00fcber f\u00fcnfundzwanzig Jahren fester Bestandteil des Schullebens. Zur Zeit werden 28 Kinder mit sonderp\u00e4dagogischem F\u00f6rderbedarf inklusiv unterrichtet.<\/p>\n\n\n\n<h1 class=\"wp-block-heading\">Kollegium<\/h1>\n\n\n\n<p>Das Kollegium setzt sich zusammen aus der Schulleiterin Frau Br\u00f6gger, sowie dem stellvertretenden Schulleiter Herr Bildstein, 25 GrundschullehrerInnen, vier Sonderp\u00e4dagogInnen und einer Sozialp\u00e4dagoginnen.&nbsp;<\/p>\n\n\n\n<h1 class=\"wp-block-heading\">Muttersprachlicher Unterricht<\/h1>\n\n\n\n<p>In den R\u00e4umlichkeiten der Schule wird muttersprachlicher Unterricht in arabischer, russischer und t\u00fcrkischer Sprache am Nachmittag ein Mal pro Woche angeboten.&nbsp;<\/p>\n\n\n\n<h1 class=\"wp-block-heading\">Deutschkurs f\u00fcr Kinder ohne deutsche Sprachkenntnisse<\/h1>\n\n\n\n<p>Zweimal w\u00f6chentlich findet hier nachmittags ein Deutschkurs f\u00fcr Kinder ohne deutsche Sprachkenntnisse statt.<\/p>\n\n\n\n<h1 class=\"wp-block-heading\">R\u00e4umlichkeiten<\/h1>\n\n\n\n<p>Das alte Schulgeb\u00e4ude wurde im Jahre 1895 erbaut und seit Gr\u00fcndung der Gemeinschaftsgrundschule letztmalig im Jahre 1998 ausgebaut. Im Jahr 2005 wurden an der Schule umfangreiche Sanierungsma\u00dfnahmen durchgef\u00fchrt. Zum Schulgel\u00e4nde geh\u00f6ren ein asphaltierter Schulhof und die Turnhallenwiese. Letztere wurde in den vergangenen Jahren als Spielfl\u00e4che neu gestaltet.<\/p>\n\n\n\n<p>Die R\u00e4umlichkeiten der Marktschule gliedern sich in f\u00fcnf Bereiche:<\/p>\n\n\n\n<p>Im&nbsp;<strong>Altbau<\/strong>&nbsp;der Schule befinden das Lehrerzimmer, die Aula, ein Klassenraum, ein Raum der Mensa, das Sekretariat, das Schuleiterb\u00fcro sowie zwei R\u00e4ume des Offenen Ganztags.<\/p>\n\n\n\n<p>Im&nbsp;<strong>Anbau<\/strong>&nbsp;der Schule werden im Obergeschoss vier Klassen unterrichtet. Im Erdgeschoss ist die Ausgabestelle sowie eine weiterer Raum der Mensa. Hier finden sich auch der Hausmeisterraum von Herrn Gruntz und der Erste-Hilfe-Raum. Im Untergeschoss sind zwei weitere Klassenr\u00e4ume. Dar\u00fcber hinaus gibt es hier auch einen Werkraum.<\/p>\n\n\n\n<p>Im&nbsp;<strong>Neubau&nbsp;<\/strong>befinden sich sechs Klassen sowie der Streitschlichterraum.<\/p>\n\n\n\n<p>Ein Raum des&nbsp;<strong>Pavillons<\/strong>&nbsp;wird durch die OGS sowie als F\u00f6rder- und Differenzierungsraum genutzt. Ebenso befindet sich im Pavillion der Musikraum.<\/p>\n\n\n\n<p>Im<strong>&nbsp;Erg\u00e4nzungsgeb\u00e4ude<\/strong>&nbsp;werden zwei Klassen unterrichtet. Dort ist auch unsere Schulk\u00fcche untergebracht, die von allen Klassen genutzt werden kann.<\/p>\n\n\n\n<p>Weiterhin gibt es auf dem Gel\u00e4nde der Marktschule eine&nbsp;<strong>Turnhalle<\/strong>.&nbsp;<\/p>\n\n\n\n<p>Die Marktschule hat sich seit Sommer 2012 auf den Weg gemacht, das Betreuungskonzept des Offenen Ganztags neu zu gestalten. Zunehmend werden die Klassenr\u00e4ume auch im Nachmittag von den Gruppen des Offenen Ganztags genutzt. Zur Zeit sind 218 Kinder der Marktschule im Offenen Ganztag.<\/p>\n\n\n\n<h1 class=\"wp-block-heading\">Soziales Miteinander<\/h1>\n\n\n\n<p>Seit 2003 wird die Streitschlichtungsmethode \u201eSTOPP! Kinder gehen gewaltfrei mit Konflikten um\u201c in regelm\u00e4\u00dfigen Projekttagen an der Schule thematisiert.<\/p>\n\n\n\n<p>Die Kinder werden in Gespr\u00e4chen und Rollenspielen angeleitet \u00fcber Gef\u00fchle zu sprechen. Sie sollen lernen sich gegenseitig zu respektieren und ohne Gewalt und Schimpfw\u00f6rter Konflikte zu l\u00f6sen. Die sogenannte \u201eStopphand\u201c ist jedem Kind bekannt. Sie kann und soll gezeigt werden, wenn ein Streit zu eskalieren droht. Zus\u00e4tzlich werden einige Kinder der dritten Schuljahre zu \u201eStreitschlichtern\u201c und \u201eErsthelfern\u201c ausgebildet. Diese unterst\u00fctzen in den Hofpausen die Aufsicht f\u00fchrenden LehrerInnen.<\/p>\n","protected":false},"excerpt":{"rendered":"<p>Allgemeine Informationen Die Marktschule ist im Stadtteil Bonn-Beuel P\u00fctzchen gelegen. Das Einzugsgebiet umfasst die Ortsteile P\u00fctzchen, Bechlinghoven, Vilich-M\u00fcldorf und Neu-Vilich. &hellip; <\/p>\n","protected":false},"author":1,"featured_media":0,"parent":0,"menu_order":0,"comment_status":"closed","ping_status":"closed","template":"","meta":{"_custom_body_class":"","_custom_post_class":"","footnotes":"","_links_to":"","_links_to_target":""},"class_list":["post-41","page","type-page","status-publish","hentry"],"publishpress_future_action":{"enabled":false,"date":"2026-05-09 11:13:57","action":"change-status","newStatus":"draft","terms":[],"taxonomy":"","extraData":[]},"publishpress_future_workflow_manual_trigger":{"enabledWorkflows":[]},"_links":{"self":[{"href":"https:\/\/ggs-marktschule.de\/index.php\/wp-json\/wp\/v2\/pages\/41","targetHints":{"allow":["GET"]}}],"collection":[{"href":"https:\/\/ggs-marktschule.de\/index.php\/wp-json\/wp\/v2\/pages"}],"about":[{"href":"https:\/\/ggs-marktschule.de\/index.php\/wp-json\/wp\/v2\/types\/page"}],"author":[{"embeddable":true,"href":"https:\/\/ggs-marktschule.de\/index.php\/wp-json\/wp\/v2\/users\/1"}],"replies":[{"embeddable":true,"href":"https:\/\/ggs-marktschule.de\/index.php\/wp-json\/wp\/v2\/comments?post=41"}],"version-history":[{"count":2,"href":"https:\/\/ggs-marktschule.de\/index.php\/wp-json\/wp\/v2\/pages\/41\/revisions"}],"predecessor-version":[{"id":1714,"href":"https:\/\/ggs-marktschule.de\/index.php\/wp-json\/wp\/v2\/pages\/41\/revisions\/1714"}],"wp:attachment":[{"href":"https:\/\/ggs-marktschule.de\/index.php\/wp-json\/wp\/v2\/media?parent=41"}],"curies":[{"name":"wp","href":"https:\/\/api.w.org\/{rel}","templated":true}]}}

Kurzporträt

<h1 class="wp-block-heading">Allgemeine Informationen</h1>



<p>Die Marktschule ist im Stadtteil Bonn-Beuel Pützchen gelegen. Das Einzugsgebiet umfasst die Ortsteile Pützchen, Bechlinghoven, Vilich-Müldorf und Neu-Vilich.</p>



<p>Die Schule wird von den meisten Kindern zu Fuß erreicht oder sie werden von ihren Eltern mit dem PKW gebracht. Einen Schulbus gibt es nicht. Morgens wird lediglich ein Verstärkungsbus von Neu-Vilich nach Pützchen eingesetzt.</p>



<p>Wegen der direkten Lage der Schule am Marktplatz, wo jedes Jahr im Herbst „Pützchens Markt“ stattfindet, wird dieses Ereignis auch in das Schulleben integriert und im Unterricht thematisiert. Während der Großkirmes wird der Altbau der Schule als Verwaltungsgebäude genutzt. Aus diesem Grund ist die Schule an „Pützchens Markttagen“ montags, dienstags und mittwochs geschlossen. Der dadurch ausfallende Unterricht wird durch bewegliche Ferientage und durch vor &#8211; und nachgeholten Unterricht aufgefangen.</p>



<p>Momentan zählt die Marktschule 370 Schüler und Schülerinnen.</p>



<p>Zur Zeit ist die Schule vierzügig, d.h. die Kinder werden in 16 Klassen unterrichtet. Für die Klassenbildung sind folgende Kriterien ausschlaggebend:</p>



<ul class="wp-block-list"><li>Klassengröße</li><li>Verhältnis Junge &#8211;&nbsp; Mädchen</li><li>Verhältnis Kinder mit und ohne Migrationshintergrund</li></ul>



<h1 class="wp-block-heading">Inklusion</h1>



<p>An der Marktschule ist das gemeinsame Lernen von behinderten und nicht behinderten Kindern seit über fünfundzwanzig Jahren fester Bestandteil des Schullebens. Zur Zeit werden 28 Kinder mit sonderpädagogischem Förderbedarf inklusiv unterrichtet.</p>



<h1 class="wp-block-heading">Kollegium</h1>



<p>Das Kollegium setzt sich zusammen aus der Schulleiterin Frau Brögger, sowie dem stellvertretenden Schulleiter Herr Bildstein, 25 GrundschullehrerInnen, vier SonderpädagogInnen und einer Sozialpädagoginnen.&nbsp;</p>



<h1 class="wp-block-heading">Muttersprachlicher Unterricht</h1>



<p>In den Räumlichkeiten der Schule wird muttersprachlicher Unterricht in arabischer, russischer und türkischer Sprache am Nachmittag ein Mal pro Woche angeboten.&nbsp;</p>



<h1 class="wp-block-heading">Deutschkurs für Kinder ohne deutsche Sprachkenntnisse</h1>



<p>Zweimal wöchentlich findet hier nachmittags ein Deutschkurs für Kinder ohne deutsche Sprachkenntnisse statt.</p>



<h1 class="wp-block-heading">Räumlichkeiten</h1>



<p>Das alte Schulgebäude wurde im Jahre 1895 erbaut und seit Gründung der Gemeinschaftsgrundschule letztmalig im Jahre 1998 ausgebaut. Im Jahr 2005 wurden an der Schule umfangreiche Sanierungsmaßnahmen durchgeführt. Zum Schulgelände gehören ein asphaltierter Schulhof und die Turnhallenwiese. Letztere wurde in den vergangenen Jahren als Spielfläche neu gestaltet.</p>



<p>Die Räumlichkeiten der Marktschule gliedern sich in fünf Bereiche:</p>



<p>Im&nbsp;<strong>Altbau</strong>&nbsp;der Schule befinden das Lehrerzimmer, die Aula, ein Klassenraum, ein Raum der Mensa, das Sekretariat, das Schuleiterbüro sowie zwei Räume des Offenen Ganztags.</p>



<p>Im&nbsp;<strong>Anbau</strong>&nbsp;der Schule werden im Obergeschoss vier Klassen unterrichtet. Im Erdgeschoss ist die Ausgabestelle sowie eine weiterer Raum der Mensa. Hier finden sich auch der Hausmeisterraum von Herrn Gruntz und der Erste-Hilfe-Raum. Im Untergeschoss sind zwei weitere Klassenräume. Darüber hinaus gibt es hier auch einen Werkraum.</p>



<p>Im&nbsp;<strong>Neubau&nbsp;</strong>befinden sich sechs Klassen sowie der Streitschlichterraum.</p>



<p>Ein Raum des&nbsp;<strong>Pavillons</strong>&nbsp;wird durch die OGS sowie als Förder- und Differenzierungsraum genutzt. Ebenso befindet sich im Pavillion der Musikraum.</p>



<p>Im<strong>&nbsp;Ergänzungsgebäude</strong>&nbsp;werden zwei Klassen unterrichtet. Dort ist auch unsere Schulküche untergebracht, die von allen Klassen genutzt werden kann.</p>



<p>Weiterhin gibt es auf dem Gelände der Marktschule eine&nbsp;<strong>Turnhalle</strong>.&nbsp;</p>



<p>Die Marktschule hat sich seit Sommer 2012 auf den Weg gemacht, das Betreuungskonzept des Offenen Ganztags neu zu gestalten. Zunehmend werden die Klassenräume auch im Nachmittag von den Gruppen des Offenen Ganztags genutzt. Zur Zeit sind 218 Kinder der Marktschule im Offenen Ganztag.</p>



<h1 class="wp-block-heading">Soziales Miteinander</h1>



<p>Seit 2003 wird die Streitschlichtungsmethode „STOPP! Kinder gehen gewaltfrei mit Konflikten um“ in regelmäßigen Projekttagen an der Schule thematisiert.</p>



<p>Die Kinder werden in Gesprächen und Rollenspielen angeleitet über Gefühle zu sprechen. Sie sollen lernen sich gegenseitig zu respektieren und ohne Gewalt und Schimpfwörter Konflikte zu lösen. Die sogenannte „Stopphand“ ist jedem Kind bekannt. Sie kann und soll gezeigt werden, wenn ein Streit zu eskalieren droht. Zusätzlich werden einige Kinder der dritten Schuljahre zu „Streitschlichtern“ und „Ersthelfern“ ausgebildet. Diese unterstützen in den Hofpausen die Aufsicht führenden LehrerInnen.</p>

<p>Allgemeine Informationen Die Marktschule ist im Stadtteil Bonn-Beuel Pützchen gelegen. Das Einzugsgebiet umfasst die Ortsteile Pützchen, Bechlinghoven, Vilich-Müldorf und Neu-Vilich. &hellip; </p>
