{"id":66,"date":"2019-10-10T13:04:29","date_gmt":"2019-10-10T11:04:29","guid":{"rendered":"http:\/\/wp.ggs-marktschule.de\/?page_id=66"},"modified":"2019-10-14T09:39:01","modified_gmt":"2019-10-14T07:39:01","slug":"kooperationspartner","status":"publish","type":"page","link":"https:\/\/ggs-marktschule.de\/index.php\/kooperationspartner\/","title":{"rendered":"Kooperationspartner"},"content":{"rendered":"\n<h2 class=\"wp-block-heading\">Kooperationspartner<\/h2>\n\n\n\n<p><strong>Jugendfarm e.V.<\/strong><\/p>\n\n\n\n<ul class=\"wp-block-list\"><li>Tr\u00e4ger der OGS<\/li><li>Nutzung des Gel\u00e4ndes sowie der p\u00e4d. Angebote f\u00fcr Klassenprojekttage<\/li><\/ul>\n\n\n\n<p><strong>F\u00f6rderverein \u201eF\u00f6r de P\u00e4nz\u201c e.V.<\/strong><\/p>\n\n\n\n<ul class=\"wp-block-list\"><li>Anschaffung von Lernmaterialien<\/li><\/ul>\n\n\n\n<p><strong>TUS P\u00fctzchen<\/strong><\/p>\n\n\n\n<ul class=\"wp-block-list\"><li>stellt sportliche Angebote im Rahmen der OGS<\/li><\/ul>\n\n\n\n<p><strong>Polizei<\/strong><\/p>\n\n\n\n<ul class=\"wp-block-list\"><li>Verkehrswegtraining Klasse 1<\/li><li>Puppenb\u00fchne Klasse 1 und 2<\/li><li>Fahrradtraining\/Pr\u00fcfung Klasse 4<\/li><li>Busschule f\u00fcr Klasse 2<\/li><\/ul>\n\n\n\n<p><strong>Gesundheitsamt<\/strong><\/p>\n\n\n\n<ul class=\"wp-block-list\"><li>Zahnprophylaxe<\/li><li>zahn\u00e4rztliche Reihenuntersuchung<\/li><\/ul>\n\n\n\n<p><strong>Safety energetics<\/strong><\/p>\n\n\n\n<ul class=\"wp-block-list\"><li>Angebote zur Selbstbehauptung und zur friedlichen Konfliktbew\u00e4ltigung in den ersten Schuljahren<\/li><\/ul>\n\n\n\n<p><strong>IBA (International Brass Agency)<\/strong><\/p>\n\n\n\n<ul class=\"wp-block-list\"><li>Angebot von Instrumentalunterricht<\/li><\/ul>\n\n\n\n<p><strong>Kath. und ev. Kirche in P\u00fctzchen<\/strong><\/p>\n\n\n\n<ul class=\"wp-block-list\"><li>Schulgottesdienste f\u00fcr die Klassen 2 \u2013 4<\/li><li>Einschulungs-, Abschluss \u2013 und Weihnachtsgottesdienste<\/li><\/ul>\n\n\n\n<p><strong>St. Sebastianus Sch\u00fctzenbruderschaft<\/strong><\/p>\n\n\n\n<ul class=\"wp-block-list\"><li>Brauchtumspflege\/Feier zum Festtag des Heiligen Sebastianus am 20.Januar<\/li><\/ul>\n\n\n\n<p><strong>Stadtteilbibliothek Beuel-Ost<\/strong><\/p>\n\n\n\n<ul class=\"wp-block-list\"><li>regelm\u00e4\u00dfiger Besuch mit allen Klassen<\/li><\/ul>\n","protected":false},"excerpt":{"rendered":"<p>Kooperationspartner Jugendfarm e.V. Tr\u00e4ger der OGS Nutzung des Gel\u00e4ndes sowie der p\u00e4d. Angebote f\u00fcr Klassenprojekttage F\u00f6rderverein \u201eF\u00f6r de P\u00e4nz\u201c e.V. &hellip; <\/p>\n","protected":false},"author":1,"featured_media":0,"parent":0,"menu_order":0,"comment_status":"closed","ping_status":"closed","template":"","meta":{"_custom_body_class":"","_custom_post_class":"","footnotes":"","_links_to":"","_links_to_target":""},"class_list":["post-66","page","type-page","status-publish","hentry"],"publishpress_future_action":{"enabled":false,"date":"2026-05-07 15:58:37","action":"change-status","newStatus":"draft","terms":[],"taxonomy":"","extraData":[]},"publishpress_future_workflow_manual_trigger":{"enabledWorkflows":[]},"_links":{"self":[{"href":"https:\/\/ggs-marktschule.de\/index.php\/wp-json\/wp\/v2\/pages\/66","targetHints":{"allow":["GET"]}}],"collection":[{"href":"https:\/\/ggs-marktschule.de\/index.php\/wp-json\/wp\/v2\/pages"}],"about":[{"href":"https:\/\/ggs-marktschule.de\/index.php\/wp-json\/wp\/v2\/types\/page"}],"author":[{"embeddable":true,"href":"https:\/\/ggs-marktschule.de\/index.php\/wp-json\/wp\/v2\/users\/1"}],"replies":[{"embeddable":true,"href":"https:\/\/ggs-marktschule.de\/index.php\/wp-json\/wp\/v2\/comments?post=66"}],"version-history":[{"count":3,"href":"https:\/\/ggs-marktschule.de\/index.php\/wp-json\/wp\/v2\/pages\/66\/revisions"}],"predecessor-version":[{"id":1874,"href":"https:\/\/ggs-marktschule.de\/index.php\/wp-json\/wp\/v2\/pages\/66\/revisions\/1874"}],"wp:attachment":[{"href":"https:\/\/ggs-marktschule.de\/index.php\/wp-json\/wp\/v2\/media?parent=66"}],"curies":[{"name":"wp","href":"https:\/\/api.w.org\/{rel}","templated":true}]}}